at is x(1)?
-3
Let r(t) = -t**2 - 3*t - 2. Suppose -2*k + 3*m = 2*k + 3, 5*k = m - 12. Let l be (-3 + (-6)/k)*-3. Let i be (-2)/6 - 8/l. Give r(i).
-2
Let f = 13 - 12. Let l(b) be the first derivative of 11*b**2/2 - b - 1. Determine l(f).
10
Let i(j) be the second derivative of j**5/20 - j**4/2 + 2*j**3/3 + j**2 + 4*j. What is i(5)?
-3
Let n(c) = -c**2 + c + 8. Let p(j) = j**2 - 7. Let q(s) = 3*n(s) + 4*p(s). Let i be (-1)/(-2) - 18/4. Give q(i).
0
Suppose 4*s - 5*s = -6. Let i(v) = 2*v - 6. Calculate i(s).
6
Let q(v) be the second derivative of -v**3/2 - 5*v**2/2 + 4*v. Calculate q(-7).
16
Let u be (-8)/16 + 2/4. Suppose 0 = 2*m - 3*g - u + 1, m - 10 = -2*g. Let p be -1 + m*3/6. Let o(v) = 8*v**3 + v**2 + v - 1. Determine o(p).
9
Let d(k) = -5*k - 8. Let i(m) = -9*m - 15. Suppose -15 = 5*n - 3*y, -4*n + 7*y - 3*y = 4. Let f(h) = n*i(h) + 11*d(h). Let o be (-4)/(-6) - 2/3. What is f(o)?
2
Let m(y) = y**2 + 9*y + 4. Let p = 28 + -34. Determine m(p).
-14
Suppose -5*g + 1 = p - 2, -51 = -2*p + 5*g. Let d = 22 - p. Let w(x) = -x**2 + 6*x + 2. Determine w(d).
10
Let t(p) = -p - 6 + 5 - 2. Give t(-5).
2
Let d(p) = p**3 - 2*p**2 - 3*p - 3. Let k(c) = -c**3 + 3*c**2 + 3*c. Let j be k(-2). Let o = j + -11. Give d(o).
-3
Let x(m) = m**2 - m + 2. Let j be x(0). Let f(w) be the second derivative of w**4/4 - w**3/6 - w**2 + 9*w. Calculate f(j).
8
Suppose -4*t = w - 4, -3*w - 4*t + 3*t = -23. Suppose 4*v + 0*v = w. Let m(u) = -u**3 + u**2 - u + 2. Give m(v).
-4
Let g(d) be the first derivative of -d**4/4 + d**3 + 3*d**2/2 + 8. Give g(4).
-4
Let f(h) = -7 + 3*h**2 + 8 - 2. What is f(-1)?
2
Suppose -4*a = -4*i - 4, -2*a - 2*i + 22 = -0*a. Let v(c) = -c**2 + 10*c - 4. Let m(j) = -j + 1. Suppose 3 - 6 = 3*d. Let y(k) = d*v(k) - 5*m(k). Give y(a).
5
Suppose i - 3*x = -4*x + 1, 2*i + 3*x + 2 = 0. Let l(f) = -2*f + 4. What is l(i)?
-6
Let r(m) = -4*m - 2. Suppose -6 = -a + 3*a. Let f = 0 + a. What is r(f)?
10
Suppose 16 = 5*k - 3*k. Let c = -5 + k. Suppose -q = -c*q. Let p(f) = -f. Calculate p(q).
0
Let w(a) = a**3 - 2*a**2. Let m(l) = -2*l**3 + l**2 + 1. Let i(x) = 2*m(x) + 3*w(x). Let r(b) = -b. Let f be r(2). Let v be 3*f/(-18)*-9. Give i(v).
-7
Let l(v) = v - 8. Let u be 5 + (4 - (1 + 2)). Give l(u).
-2
Let l(u) = u. Let b be l(5). Let n(t) = 0*t + 4*t - 3 + b. Determine n(-2).
-6
Let b(x) = -x - 1. Suppose -2*i + 16 - 4 = 0. What is b(i)?
-7
Let t(r) = 2*r - 1. Let s be t(2). Let h be 4/(-12) + 10/s. Let j(a) = 1 + h*a - a - a. Calculate j(5).
6
Let t(v) be the first derivative of -v**2/2 + v - 3. Suppose 22 = 4*a - 5*b - 16, -2*a - 5*b = -4. Determine t(a).
-6
Let m(i) = i**2 - i + 2*i - 5 + 8 + 0*i**2. What is m(-3)?
9
Let s(f) be the third derivative of -7*f**4/24 + f**3/6 - 66*f**2. Let l(a) = -a + 2. Let c be l(3). Calculate s(c).
8
Let i(d) = d**2 - 6*d - 4. Suppose 19 + 23 = 6*r. What is i(r)?
3
Let t(g) = -5*g**3 + 2*g**2 - 1. Suppose 0 = -4*r + 7 + 1. Let p be 1/(-1 - -1*r). Let u = 0 - p. Give t(u).
6
Let i(x) be the second derivative of x**3/3 - x**2/2 + 2*x. Determine i(6).
11
Let w be 7 + 0*(-1)/(-1). Let z(i) = -5*i**2 + i + 3*i - 48*i**3 + 5 + 49*i**3. Let j(s) = s**3 - 5*s**2 + 4*s + 5. Let p(m) = w*j(m) - 6*z(m). Determine p(4).
5
Let u(i) be the second derivative of 0 + 1/3*i**3 - 1/20*i**5 + 1/6*i**4 + i**2 - 3*i. Determine u(3).
-1
Let f(d) be the first derivative of -d**2 + 4*d + 6. Calculate f(3).
-2
Let h(t) = t**3 - 4*t**2 - 3*t + 6. Suppose 0 = 5*j - 2*j + 12. Let m be (-3)/6 - 18/j. Calculate h(m).
-6
Let t(m) = -15*m**3 - 2*m**2 + 1. Let v be 1/(3/(-24)*-4*-2). Determine t(v).
14
Let s(h) = -h**2 + 4*h - 7 - 2*h + 5*h. Give s(7).
-7
Let y(o) = o**2 - o. Let h(d) = -d**3 + 3*d**2 + 2*d - 2. Let v(w) = -h(w) + 3*y(w). Give v(3).
14
Suppose 0 = -3*z - 0*z - 18. Let c(j) = j**3 + 5*j**2 - 4*j + 7. What is c(z)?
-5
Let s(d) be the second derivative of 2*d**5/5 + d**2/2 - 14*d. Calculate s(-1).
-7
Let p = 3 + -3. Let x(c) = p*c**2 + c - 2*c**2 - 2*c**3 - c**3. Let n(f) = -f**2 + 10*f + 12. Let h be n(11). Calculate x(h).
-4
Suppose -5*m + 34 = 4. Let g = m + -4. Let u(q) = -3*q**2 + 2*q + 2. What is u(g)?
-6
Suppose 6*j - 20 = j. Let v be ((-3)/j)/((-1)/4). Let r(a) = -4*a**2 - 3*a + 9. Let i(u) = -5*u**2 - 4*u + 11. Let q(b) = -3*i(b) + 4*r(b). What is q(v)?
-6
Let p(o) = -o**3 + o**2. Let i be -3 + 12/(12/4). Give p(i).
0
Let s(g) = -g**2 + 15*g - 32. Let u be s(12). Let d(z) = -z**3 + 4*z**2 + z + 2. What is d(u)?
6
Let u(z) = 5*z + 48. Let n be u(-10). Let i(p) be the third derivative of p**6/120 + p**5/30 + p**4/24 - p**3/3 + 2*p**2. Give i(n).
-4
Let l(z) = -4*z + 1. Suppose -v - 10 = -3*v, 22 = 2*t - 4*v. Suppose x = 4*f - t, -3*f + 2*x + 23 = 6. Let i(r) = -r - 1. Let o(d) = f*i(d) - l(d). Give o(0).
-6
Suppose 0*h + 4*h = -2*u + 8, 0 = -3*u + 5*h + 12. Let i(w) = -4 - u + 3*w - 2*w. What is i(0)?
-8
Suppose -6 + 0 = -2*o. Let t(a) = 2*a + 1. Determine t(o).
7
Suppose 6*l + 7 - 37 = 0. Let s(i) = 2*i**2 - 3*i + 3. Let k(z) = z**2 - 2*z + 2. Let m(x) = l*k(x) - 3*s(x). Let t = -6 + 3. Give m(t).
-5
Let r = 90 + -92. Let u(a) = -2*a**3 - 2*a**2 + 1. What is u(r)?
9
Suppose -n - 13 = -3*g, 4*n + 0*g + 5*g = 33. Let j(u) = 2 - u - u**3 + 5*u**n + 4 - 7*u + u. Give j(4).
-6
Let s(i) = -i**3 + 5*i**2 - 2*i - 5. Let k = 3 + -1. Suppose 0 = 4*u - k*u - 8. Determine s(u).
3
Let m(g) = -2*g + 1. Let i be (-12)/(-10)*(-110)/33. Determine m(i).
9
Suppose 5*p + 6 = 2*p. Let x(b) = -9*b**2 - 8*b + 1. Let a(d) = 8*d**2 + 7*d - 1. Let s(y) = 6*a(y) + 5*x(y). Calculate s(p).
7
Let q(i) = 1. Let k(j) = j + 2. Let f(b) = -k(b) - q(b). Calculate f(-4).
1
Let l(u) = 11*u + 5*u - 1 - 20*u. Suppose -3*z - 6 = 3. Determine l(z).
11
Let h(c) = -4*c - 2. Let f(q) = -11*q - 6. Let x(b) = -3*f(b) + 8*h(b). Calculate x(-4).
-2
Suppose -g - 2*v = 1, 3*g - 3*v = 2*v + 30. Let t be 1 + (0 - -3) + -4. Let d(j) = t*j + 3*j - 7 - j + 3. Calculate d(g).
6
Let u(i) = 5*i**2 + 3*i + 3. Let b(l) = -4*l**2 - 2*l - 2. Let j(m) = 4*b(m) + 3*u(m). Calculate j(1).
1
Let c(z) = -z**3 - 6*z**2 - 4*z - 2. Let o(d) = d**3 - 14*d**2 + 3*d + 2 + 11*d - 20. Let g be o(13). Calculate c(g).
-7
Let k(s) be the third derivative of s**6/120 - s**5/30 - s**4/24 + s**3/3 - 7*s**2. Calculate k(2).
0
Let c(o) be the second derivative of 0 + 1/20*o**5 - o + 0*o**2 - 1/24*o**4 - 1/6*o**3 - 1/180*o**6. Let k(b) be the second derivative of c(b). What is k(4)?
-9
Let o(q) = -q**2 - 9*q - 3. Let n = -35 + 27. Calculate o(n).
5
Let x = 19 - 20. Let b(p) = -1. Let v(u) = u + 5. Let h(i) = x*b(i) + v(i). Determine h(-7).
-1
Let g(w) = 4*w**3 - 2*w**2 + 5*w + 2. Let r(n) = -5*n**3 + 3*n**2 - 6*n - 3. Let s(f) = -4*g(f) - 3*r(f). Give s(-2).
9
Let y(c) = 5*c**3 + 4*c**2 + c - 4. Let r(p) = p**3 - p**2 + 1. Let v(k) = 4*r(k) + y(k). What is v(-1)?
-10
Let q be (12/9)/(4/6). Let z(u) = 12*u**2 + 2*u - 1. Let l(x) = -37*x**2 - 7*x + 3. Let i(w) = q*l(w) + 7*z(w). Give i(-1).
9
Let s(y) = 4*y + 2. Let v(l) = 5*l - 13. Let i(u) = -u + 3. Let o(t) = 9*i(t) + 2*v(t). Let q(a) = 5*o(a) - s(a). What is q(0)?
3
Let q(p) be the third derivative of -p**6/120 - p**5/10 + 11*p**4/24 + 5*p**3/3 + 53*p**2. Determine q(-7).
-18
Let w(n) = -2 + 5 - n**2 + 3*n - 2. Let q(r) = -6*r - 1. Let o(c) = 13*c + 2. Let j(h) = -2*o(h) - 5*q(h). Let i be j(1). Determine w(i).
-9
Let m(k) = k + 14. Let z(j) = 8*j + 21. Let p be z(-4). Determine m(p).
3
Let s(m) = -m**2 + 7*m + 1. Suppose -2 + 127 = 4*i - c, -4*i + 5*c + 145 = 0. Suppose 0 = -h - 4*h + i. What is s(h)?
7
Let r(k) = -k**2 - 6*k + 8. Let i be (16/(-10))/((-12)/(-60)). What is r(i)?
-8
Let x(h) = h**2 + h - 1. Let g(b) be the third derivative of -b**5/60 + 3*b**4/8 + b**3/6 + 2*b**2. Let j be g(9). Calculate x(j).
1
Let x(w) = 2*w + 8. Let f = 15 + -21. What is x(f)?
-4
Let c = 12 - 7. Let t(s) = -s**2 - s - 2. Let o(u) = 3*u**2 - 5*u + 9. Let i(j) = o(j) + 2*t(j). What is i(c)?
-5
Let k(n) be the second derivative of n**5/20 - n**4/2 - n**3 - n**2 + 65*n. Let d be 1/(((-2)/(-14))/1). Determine k(d).
5
Let d(x) = 2*x - 2. Let p(l) = 3*l - 4. Let o(u) = -7*d(u) + 4*p(u). Let t = 100 + -98. Determine o(t).
-6
Let n(y) = y + 8. Let u(k) = 3*k. Let g be u(9). Let h = g + -31. What is n(h)?
4
Suppose 0*f + r - 7 = 2*f, 5*f - 5*r = -25. Let k be -4 - 1/f*-2. Let c(u) =